+ -4 + 2 + -4
8
What is (20 - ((-13 - -8) + 5)) + -8?
12
Evaluate (81 - 87) + 3 + -6 + 24.
15
What is 3 - -1 - (-1 + (9 - 3) + 0)?
-1
Evaluate 8 + -20 + 4 + 16.
8
Calculate -9 + -3 + 23 + -9 - -3.
5
-13 + 6 + -6 + 5 - 7
-15
What is the value of 1 + -1 + (-20 - (-29 - -1))?
8
(3 + -10 - 0) + -34 + (4 - -33)
-4
What is the value of -19 + 22 + -10 + -3 + -5?
-15
Calculate 89 + -89 + (-6 - 0) - -6.
0
0 + -6 + 2 + (7 - 6) + 14
11
What is -1 + 13 - (-129 - -139)?
2
(-10 - -44 - 9) + -7 - (-3 - -3)
18
Evaluate -8 - 0 - (-25 - -23).
-6
What is the value of 169 - 168 - (-8 + 2)?
7
What is the value of 1 + -15 + (-36 - (-69 - -10))?
9
Calculate (2 - 3) + 4 + (32 - 25) - 30.
-20
Evaluate 21 + -79 - (24 - 48).
-34
-37 + (-39 - -115) + 2
41
Calculate 691 - 719 - (2 + -1 - 12) - 11.
-28
0 + (15 - (38 - 4)) + 16
-3
What is -15 + (32 - (-38 - -19))?
36
What is (6 - (34 - -7)) + (1 + -2 - -6)?
-30
What is the value of -1 - -9 - (-6 - -3)?
11
What is the value of 4 + -11 - ((5 - 3) + 0) - -9?
0
Calculate 0 - 2 - ((-23 - -27) + -2 + 24).
-28
What is the value of (6 + 0 - 7 - 2 - -2) + 16?
15
Evaluate (-1 - (-2 - (1 + -3))) + -892 + 893.
0
-1 + 12 + -12 + (-2 - 6) + 22
13
-8 - (-19 - (-9 - -13))
15
What is (9 - 10) + 11 - 5?
5
What is 5 + 0 + (-9 - 15 - -12) - -6?
-1
What is the value of -16 + (-56 - -54 - (1 + -11))?
-8
What is the value of 3 + -5 - ((0 - (7 + -2)) + -1)?
4
9 + -1 + (4 + -10 + 48 - 27)
23
Calculate (-36 - (-33 - -13)) + 17.
1
Evaluate -13 + (-10 - ((6 - -1) + -8)).
-22
Calculate 23 + 5 + -6 + -9 + 11.
24
-5 + (6 + 3 + -5 - (14 - 6))
-9
Evaluate -10 - -5 - (-4 - (-4 - 20) - 6).
-19
What is 35 - 24 - (-5 + 24)?
-8
What is the value of (6 - 27) + -12 + (-2 - -24)?
-11
What is -7 + 4 + (6 - 16) + -2 + 6?
-9
What is the value of -23 + 6 + 19 + -14 + -1?
-13
What is -4 - (-32 - -4) - (-5 + (-10 - -22))?
17
What is (8 - (13 - 7)) + -8?
-6
Calculate -3 + -6 + 6 - (-14 - -4).
7
-1 + 0 - (5 - 18 - (-11 + 22))
23
Evaluate (118 - 120) + (2 - 1 - -2).
1
What is (-10 + 19 - 1) + (-5 - 4)?
-1
Evaluate 3 + (-4 - (-28 + (0 - -10))).
17
-2 + 3 - (3 + -5) - (-15 + 9)
9
What is (-1 - 20) + (-4 + 7 + 3 - 4)?
-19
What is the value of (-23 - 14 - -33) + 30?
26
What is -11 + (33 - 14) + -26 - -16?
-2
Calculate 1 + 13 + -31 - 1.
-18
What is the value of (-8 + (4 - -3) - -2) + 1 + 1?
3
What is the value of -16 + (34 - 15) - 25?
-22
What is 12 + (-12 - -15) + (3 - 9)?
9
What is the value of 6 + 6 + -14 + 10 - (-28 + 0)?
36
Calculate (21 - 64 - -23) + 3.
-17
What is the value of (0 - -25) + -14 + 15 + (-8 - -7)?
25
-6 + 14 + (2 - 21) - (2 + 4)
-17
Calculate -31 + (28 - 3) - (22 + 1).
-29
What is -5 - -12 - ((4 - 0) + (-4 - -19))?
-12
13 - ((0 - 15) + 57 + -13)
-16
-12 - ((-2 - -1) + (12 - 7 - 3))
-13
What is the value of (-17 - 1) + (7 - (1 - 8))?
-4
Evaluate 11 + 3 + 3 + (14 - 31).
0
What is (-3 - (-3 + 1)) + (12 - (21 + -11))?
1
Evaluate 15 - 40 - (-8 - -1) - -8.
-10
What is the value of (2 - 11) + (13 - -18 - 29)?
-7
What is the value of -67 + -7 + 37 + 39?
2
Evaluate -7 + (16 + -1 - 7) + -13.
-12
What is 42 + 256 + -250 + (-2 - 10)?
36
What is 0 + -6 + -8 - (-9 - -4)?
-9
(-1 - 3 - 0) + 7 - 4
-1
-12 + 20 + -15 - (-3 - -1)
-5
What is the value of (-3 - (11 - 2)) + -90 + 99?
-3
Evaluate 1 + 3 + (-10 - -10) + -9.
-5
What is (-12 + 25 - 21 - -3) + -2?
-7
Calculate 1 + -3 - (-102 + 81).
19
Evaluate 2 + 1 + (15 - (-10 + 5 + 2)).
21
Evaluate 19 + 0 + (-9 + 12 - 10).
12
Evaluate 7 + -16 + (-35 - -32).
-12
Evaluate -37 - (-2 + (-4 - -4) - (-8 - -15)).
-28
What is the value of (11 - 14) + 21 + (-3 - -1 - 0)?
16
What is 1 - ((-4 - 18) + 14)?
9
What is the value of -3 - ((2 - -2 - 8) + 4)?
-3
Calculate (12 - 2) + 2 + (4 + -6 - -3).
13
Calculate -10 + (9 - 7 - 1).
-9
What is -384 + 384 + 1 + -3 + -3?
-5
What is (1 + 10 - (-6 + 11)) + 2?
8
What is 10 + -1 + ((-3 - -9) + -7 - -6)?
14
Evaluate -24 + 39 + (-10 - 11).
-6
What is (3 - (2 - (2 + 0))) + (-51 - -57)?
9
2 + ((7 - (9 - 4)) + -6 - -21)
19
Evaluate 192 - 193 - (2 - (-2 - 1)).
-6
What is 2 - (9 + -3 + -6 - (0 - -1))?
3
Calculate (-220 - -216) + (-1 - -2) + 1 + -15.
-17
-1 + 0 + (8 - (20 + -6) - 24)
-31
-25 + (12 + 3 - 2)
-12
What is the value of 27 + (-12 - 10) + 5?
10
What is the value of 13 + (9 + -14 - 11)?
-3
-10 + 0 + 1 + (15 - (6 + -12))
12
What is -33 + 8 + 2 - (1 - (-3 - -3))?
-24
What is (9 - 5 - 3) + 3 + 11?
15
-7 + (4 - (6 - (-3 - -10)))
-2
Evaluate (1 - -14) + 326 + -333.
8
Calculate 15 + (4 - 2 - 19).
-2
What is (-1 - -5) + -7 + 25?
22
Evaluate 0 - -1 - (13 + -12) - (103 - 92).
-11
Calculate 6 + -2 + 2 + -1 + 25 + -16.
14
What is the value of -1 - (2 + -12 + -14)?
23
What is 16 + 7 + 4 + -26?
1
What is the value of 5 - (8 + -5) - (8 + -11) - -6?
11
Calculate -5 + 34 + -7 - 14.
8
-185 + 188 - (-9 + -1)
13
What is the value of (13 - 2) + -2 - (55 - 47) - 0?
1
Calculate -11 + 4 + 3 - -1 - (10 - 27).
14
25 - (8 - (-4 - (-6 + 3 + -3)))
19
Calculate (7 - -4) + -1 + (-22 - -3).
-9
What is -1 + -1 + -3 + (-127 - -117)?
-15
What is 23 + -21 + -8 + 35?
29
What is the value of 2 + 1 + (-6 - -8) + 2 + 4?
11
Evaluate 15 + (-4 - (22 - 12)).
1
What is 0 + 1 + 0 + -4 + 2508 + -2504?
1
What is -75 + 37 - (-31 + -2)?
-5
What is the value of (-76 - -34) + 42 + -2 + 11 + -1?
8
What is the value of 19 + 6 + -23 + -5?
-3
What is the value of -17 - (-11 - -18 - 5)?
-19
Evaluate 30 + -4 + -1 + -97 + 90.
18
What is -10 + (8 - (25 + -35))?
8
What is (-2 - -5 - 9) + (48 - 26) - 2?
14
Evaluate (1 - -6) + 25 + -40.
-8
Calculate -6 + 18 + -34 + 4.
-18
What is (9 - (6 - -1)) + -5 + 1?
-2
Evaluate (-5 - -2) + 20 + (-3 - 5) + 2.
11
What is the value of (4 - (9 + -4)) + 25 + -39?
-15
Evaluate -6 - (0 + 0 + 1 + -8).
1
What is -25 - (0 + -8 + -8)?
-9
What is the value of (11 - (8 - (18 + -20))) + -3 + 0?
-2
What is (-37 - -31) + 2 - -32?
28
What is the value of -10 + (7 - (-6 + 11) - 11)?
-19
What is the value of 8 - (-9 - (11 - 31))?
-3
What is -5 - -9 - (9 - -2)?
-7
-2 + 1 + (4 - 17) - (2 - 6)
-10
What is (13 - 12 - 7) + (4 - (1 + -14))?
11
Evaluate -5 + -1 - (-18 + -11 - -14).
9
3 - -2 - (13 + -19)
11
What is 3 + 20 + (-9 - 1) - -5?
18
Calculate -1 + -9 - (-2 + -10) - 10.
-8
What is 1 + -13 + -2 + (-15 - -21)?
-8
Calculate 13 + (-15 - 5) + 12 + 1.
6
What is the value of 6 + (-5 + -3 + 0 - -32)?
30
What is the value of 2 + (-1 - 2) + (-29 - -16)?
-14
Calculate 0 + 0 + 0 + 13 + -17 + 7.
3
What is the value of -32 - (-10 - 14) - (-20 + -2)?
14
16 - (-13 - (-5 + -14))
10
What is the value of -2 - (1 - 2 - (21 + -22))?
-2
Calculate (-49 - -30) + 14 + -5 + 0.
-10
Evaluate -5 + (12 - 17) + 23 + -14.
-1
What is the value of 1 + (8 - (5 - -2))?
2
Evaluate -5 + -2 + -4 + -2.
-13
Evaluate (-1 - -6) + 2 - (28 + -42 + 34).
-13
(6 - (-5 - (-13 + 9))) + (2 - 0)
9
What is -6 + -9 - (5 - 10 - -7)?
-17
-4 + (3 - (12 + -3 + 2))
-12
What is the value of -2 + -2 + 5 - (31 - 24)?
-6
-5 + 12 - (4 - (-1 + 19 - 7))
14
What is -5 + (-2 - (7 - 15))?
1
What is the value of (-184 - -187 - (11 + 0)) + 36?
28
-1170 + 1162 + -1 + -1 + -8
-18
14 + 7 - (30 + -22) - 1
12
What is -2 + (6 - 12 - -11) - 3?
0
What is the value of (12 - (9 + 15 + -16)) + 12?
16
What is 1 + (6 + -5 + 8 - 4)?
6
-25 + 28 - (10 - 5)
-2
What is 3 + -39 + 13 + (15 + -7 - -3)?
-12
Evaluate 5 - (-6 - (-16 - -6)) - 1.
0
0 + -3 - 22 - ((45 - 22) + -16)
-32
What is (-7 - -4) + 6 + 4 + 12?
19
What is -18 + -20 + -10 + 33?
-15
(-1 - 50 - -25) + 3
-23
What is (-46 - -54) + (1 - -5) + -4?
10
What is (-4 - (1 - 15) - -1) + 4 + -2?
13
Calculate 3 - (1 - -11) - (-7 + -40).
38
Calculate 14 - -1 - (-49 - (-7 + -33)).
24
Calculate (2 - (5 - (2 + -2))) + -10 + 5.
-8
Evaluate -29 - (-39 - (10 + -19)).
1
Calculate 14 - (40 - (-30 + 35)).
-21
Calculate 13 + (28 - 20) + -37.
-16
(-49 - (-24 - -4)) + 13
-16
-8 - (-41 - -33 - -28)
-28
What is the value of 26 + -20 + 4 + -3 + 2?
9
What is (-55 - -54 - (-2 + -1)) + 35 + -25?
12
Evaluate 7 + (-3 - -6 - 0) + 0.
10
What is 3 - (-43 - -51) - (-24 + 1 + -1)?
19
-60 + 10 - (71 - 105)
-16
What is the value of 24 + -11 - -26 - (13 - -1)?
25
What is the value of (0 - 4) + (-12 - -16) + (-43 - -50)?
7
Calculate (-497 - -487) + (-2 - -2 - -1) - -22.
13
Evaluate -27 - ((-14 - 2) + (9 + 11 - 10)).
-21
What is the value of -17 + -8 - -70 - 32?
13
What is the value of -1 + 1 - (-18 + 24 + -8)?
